1
Suppose -721 = -5*r + 4. Calculate the highest common divisor of r and 29.
29
Let f = 9 - -5. Suppose 0 = 6*n + 298 - 886. What is the highest common factor of n and f?
14
Suppose -5*h - 2 = -0*m - m, -m + 42 = 3*h. Let i = m - -14. Let v = i - 25. Calculate the highest common factor of 8 and v.
8
Suppose 0 = 3*i - 5*k + 8, i + 2 = -3*i - 2*k. Let m be (1 - i)*(-24)/(-3). Suppose 48 = -r + 3*r. Calculate the greatest common divisor of m and r.
8
Suppose 3*y = 4*a - 12, 2*y - 13 = -4*a - 1. Let d be -1 + (a - 3 - -8). Suppose d*t - 4*t = 108. Calculate the highest common factor of t and 54.
18
Let i = 1 + 1. Let z be 1/i + 477/6. Let b be (0 - (-12)/9)*24. Calculate the highest common factor of b and z.
16
Suppose 4*t = t - 153. Let x = 91 + t. What is the greatest common factor of x and 100?
20
Let a = 17 + -11. Suppose -3*u + 72 = u. Calculate the greatest common divisor of a and u.
6
Let t = 0 + 3. Suppose -x + 4*g - 18 = 0, 3*x - 22 = 8*x - 3*g. Let b = x + t. What is the greatest common factor of 5 and b?
1
Let c be (-13)/6*-3*2. Let i = 120 - 68. What is the greatest common factor of c and i?
13
Let f(q) = -q**3 - 5*q**2 - 8*q - 4. Suppose 0 = 2*y + y + 18. Let z be f(y). Calculate the greatest common divisor of 20 and z.
20
Let c(j) = 10*j + 12. Let t be c(3). Calculate the highest common factor of 42 and t.
42
Let p(z) = -2*z**2 + 7*z - 2. Let s be p(5). Let r be 0 - 4 - s*1. Let d be (-2)/(-8) + (-207)/(-4). Calculate the greatest common divisor of r and d.
13
Let h be (-2)/7 - 44/(-7). Suppose 3*y = -v + h, 11 = 5*v - 4*y - 95. Calculate the highest common divisor of 198 and v.
18
Let o be (-1)/6 - (-724)/24. Let j = 70 - o. What is the greatest common divisor of j and 16?
8
Suppose 2*n + 16 = 4*i, -5*i + n = -i - 16. Calculate the greatest common factor of i and 22.
2
Let u(w) = -w**3 + 6*w**2 - 5*w + 7. Let b be u(5). Let q(a) = 3*a**2 + 2. Let n be q(-2). Calculate the greatest common factor of n and b.
7
Let q = -11 + 23. Let g be (2/(-3))/((-10)/1980). Calculate the greatest common divisor of g and q.
12
Suppose o = 3*s - s + 20, 0 = 3*o - 4*s - 50. What is the highest common factor of o and 10?
10
Let s(z) = 3*z**2 + z + 1. Let v be s(-1). Suppose -u + 5*o = -18, 5*o + 72 = 4*u + v*o. Calculate the greatest common divisor of 27 and u.
9
Suppose 0 = -s - 2*u + 104, 4*s - 364 = 4*u + u. Calculate the greatest common divisor of s and 12.
12
Let d(r) = -r**3 + 3*r**2 + 4. Let t be d(4). Let u(j) = j**2 + 5*j. Let y be u(-4). Let s be y/t + 52/6. Calculate the greatest common divisor of 81 and s.
9
Let t(o) = o**2 + 7*o + 5. Let j be t(-5). Let d = j - -6. What is the greatest common factor of d and 5?
1
Suppose 6*y = y + 60. Suppose 2*m = i + i + 4, -i - 5*m = -28. What is the greatest common divisor of y and i?
3
Let y(k) = 2*k - 8. Let b be y(13). What is the greatest common divisor of 36 and b?
18
Let m(x) = -x. Let l be m(3). Let c be (l + 7)*(-3)/(-4). Let h(s) = -s**2 - 4*s. Let w be h(-3). Calculate the greatest common divisor of c and w.
3
Suppose 2*p = -2*p - 3*x + 71, -61 = -4*p - x. Suppose -2*z + 46 = 276. Let o = z + 241. What is the highest common factor of o and p?
14
Suppose 31 = 4*b - 1. What is the highest common factor of b and 40?
8
Let x be 2 + 0*(-3)/9. Let f(s) = -2*s**2 - 2*s + 3. Let a be f(x). Let z = 4 - a. What is the highest common divisor of 52 and z?
13
Let q be 3 + (-2 - -1 - -1). Let n be 3/2*(q - 1). Let b = n - -5. What is the greatest common divisor of 8 and b?
8
Let k = 215 - -13. What is the greatest common factor of 12 and k?
12
Let l = 11 + 3. What is the highest common divisor of 14 and l?
14
Let i = 7 - 4. Let j(l) = l**2 - 3*l + 1. Let z be j(2). Let h = i - z. Calculate the highest common factor of 12 and h.
4
Suppose 0 = 5*q - 2*q - 195. Calculate the highest common factor of q and 13.
13
Let j be (-2 - 2)/(2/(-63)). Suppose 3*k - 13 - 41 = 0. Calculate the greatest common factor of k and j.
18
Suppose -3*h + 32 = -28. What is the highest common divisor of 10 and h?
10
Let t(m) = -4*m - 10. Let b be t(-4). What is the highest common factor of b and 3?
3
Let s be (12/16)/((-2)/(-32)). What is the greatest common factor of 12 and s?
12
Let n be (5 - 4 - 3)/((-1)/44). What is the highest common factor of 132 and n?
44
Suppose 0*x - 2*x + 198 = 0. Let l = -21 + x. Suppose 0 = -6*j + 4*j + l. Calculate the highest common factor of j and 13.
13
Suppose 9*q - 10*q = -5. What is the highest common divisor of q and 15?
5
Let h(k) = -k**2 + 15*k - 15. Let d(v) = -v - 1. Let f(a) = -4*d(a) + h(a). Let m be f(8). Calculate the greatest common factor of 11 and m.
11
Suppose 4*z = 9 + 7. Suppose 0 = 5*c - 2*p - 330, z*c + 0*c - 5*p = 281. What is the greatest common factor of c and 16?
16
Let a be (-3)/((-5)/(-8) + -1). What is the greatest common factor of a and 88?
8
Suppose -6*g + p - 2 = -g, 5*g - 8 = -4*p. Let k be (g - (2 - 1))*-8. Let j(r) = 3*r + 3. Let i be j(7). What is the greatest common divisor of k and i?
8
Suppose -4*q + 4 = 2*m, -3*q + 0*m + 5 = m. Suppose 2*v = 3*w + q*v - 26, w - v = 6. What is the highest common divisor of 8 and w?
8
Suppose -4*v + 12 = -u, 4*v - 5*u - 20 = -2*u. What is the greatest common divisor of 1 and v?
1
Let q be -9 + 13 - 1*-2. Let s be 86/10 + q/15. Calculate the highest common divisor of s and 81.
9
Suppose 8*c = 6*c + 2. What is the greatest common divisor of c and 19?
1
Suppose 0 = 4*m + 5*i - 34 - 58, 3*i + 78 = 5*m. Suppose 2*w = -p + m, -w + 3*p - 33 = -4*w. What is the greatest common divisor of 77 and w?
7
Suppose 5*c - 6*c = -6. Let t(j) = j**2 - 6*j - 4. Suppose -k + 4 + 4 = 0. Let p be t(k). Calculate the highest common divisor of c and p.
6
Let o = -16 + 41. Suppose 2*y - 105 - 145 = 0. Calculate the greatest common factor of y and o.
25
Let g = 14 - 10. Suppose 0*c - 5*z + 38 = 3*c, 3*c - g*z - 83 = 0. What is the highest common factor of c and 63?
21
Suppose 20 = -3*c - b, -b + 8 = -3*c + 4*b. Let v be (c/(-4))/((-6)/8). Let i be 9 + (-2 + 1 - v). What is the greatest common divisor of 70 and i?
10
Suppose j - 3*k = 84 + 173, 3*j - 5*k - 779 = 0. Let q be -262*(3 + (-20)/8). Let m = j + q. Calculate the highest common divisor of m and 12.
12
Let c = -19 - -21. What is the greatest common factor of c and 10?
2
Suppose -3*b - 2 = -4*b. Suppose -b*a + 8 = -6. Suppose 4*o - 232 = -4*t, 2*t - 151 = 3*o + 2*o. Calculate the greatest common divisor of a and t.
7
Suppose -4*d = d + 600. Let n = -50 - d. Calculate the greatest common divisor of n and 10.
10
Let c be (-332)/(-3) + 4 + (-42)/9. What is the greatest common divisor of 275 and c?
55
Suppose -5*x = -4*p - 335 + 943, 0 = 4*p + x - 608. What is the highest common divisor of p and 8?
8
Let s be -9*1*16/(-6). What is the greatest common factor of s and 12?
12
Let d(j) = j - 2. Let v be d(5). Suppose -378 = -v*i - 0*i. Let n(m) = 2*m**2 - 7*m - 1. Let k be n(5). What is the greatest common factor of i and k?
14
Let o = -165 + 205. What is the greatest common divisor of 8 and o?
8
Let n be (-1 - -15) + 2/2. Let w = n - 7. Calculate the greatest common factor of 1 and w.
1
Let z be 14/8 + 4/16. Let f be 4 + 3/(3/z). Let b = f - 3. Calculate the highest common factor of 3 and b.
3
Suppose 3*s = -3*b + 3, 2*b - 5*s = -40 + 14. Let t be 3 + b/((-6)/202). What is the greatest common factor of 13 and t?
13
Let x = -4 - -1. Let s = x - -10. Let j be (-66 + -11)*(-2)/2. Calculate the greatest common factor of j and s.
7
Let r = -16 - -23. Suppose p - r = -6. What is the highest common divisor of p and 1?
1
Let f(x) = -x**3 - 5*x**2 + 4*x - 11. Let c be f(-6). What is the highest common divisor of 4 and c?
1
Let h be (-124)/(-44) - 2/(-11). Let c be h/(-4) + (-923)/(-52). Let r = 171 + -18. Calculate the highest common divisor of r and c.
17
Suppose 0 = 3*l - 12, -4*l = i - 7*l + 16. Let f be (-176)/(-10) + i/(-10). Calculate the greatest common factor of f and 72.
18
Let s(p) = -6*p + 10. Let o be s(-14). Calculate the greatest common divisor of o and 235.
47
Suppose -5*q + 6 = 2*n, -3*n + 2*q + q + 9 = 0. Suppose n*l = 7*l - 108. Suppose -2*x - 72 = -10*x. What is the highest common divisor of x and l?
9
Let x(n) = -11*n**2 - 2*n. Let v be x(3). Let j be 1/((9/v)/(-3)). What is the greatest common